s of l?
2, 3
Let l = 3385 + -1021. List the prime factors of l.
2, 3, 197
Let k = -64 + 114. Suppose 196 - k = 2*n. List the prime factors of n.
73
Let l = -563 - -818. List the prime factors of l.
3, 5, 17
Let m(i) be the first derivative of -3*i**4/4 - i**3/3 - 5*i**2 - 3*i + 30. What are the prime factors of m(-3)?
3, 11
Suppose -3*p = -2*t + 1376, p - 208 = 3*t - 2265. List the prime factors of t.
5, 137
Let m(v) = 244*v. What are the prime factors of m(10)?
2, 5, 61
Let w be -2*(14/4)/(-7). Let j(q) = 0 + 19*q + w - 2 + 0. List the prime factors of j(2).
37
Let h = -946 - -1966. List the prime factors of h.
2, 3, 5, 17
Let w be (-34)/(-3) + 2/3. Suppose h = 5*x - 105, 2*h - 120 = -5*x + 6*h. Let u = x - w. What are the prime factors of u?
2
Let i be 4/(-6)*(-4 + -2). Suppose -i*z = 2*f - 0 - 2, 3*f + 2*z - 3 = 0. Let x(j) = 17*j + 1. List the prime factors of x(f).
2, 3
Suppose -5*r + 4*k = -2520, -13*r + 5*k - 975 = -15*r. What are the prime factors of r?
2, 5
Let y(s) = 45*s**2 - s - 12. Let u be y(-3). Suppose 1737 = 9*w - u. List the prime factors of w.
3, 79
Suppose -1520 - 715 = -5*h + 2*z, 2*h = 4*z + 878. What are the prime factors of h?
449
Let a = 67 - -92. Let j = -83 + a. Suppose 81 = m + 4*f, -m + 3*f + j = 6*f. What are the prime factors of m?
61
Let c = -29 - -25. List the prime factors of 13/c*312/(-6).
13
Suppose 33*f - 35*f = -844. What are the prime factors of f?
2, 211
Let x = 5 + -1. Let h(n) = 3*n**2 - 4*n - 6. What are the prime factors of h(x)?
2, 13
Suppose -4*m = -8*c + 3*c - 99, -5*c = 5*m - 180. Let j = 15 + m. List the prime factors of j.
2, 23
Let z(w) = 9*w**2 - w**3 - 9*w**2 + 10*w**2 - 24 + 14*w. Let j be z(11). Suppose -5 = -j*a + 49. What are the prime factors of a?
2, 3
Suppose -2*i - 148 = -2*o, -2*o + o + 72 = -3*i. Suppose 0 = 2*t - 2*s - 66, 0*t - s + o = 2*t. What are the prime factors of t?
2, 3
Let o(f) = 93*f**2 + 3. List the prime factors of o(-3).
2, 3, 5, 7
Suppose -2 = -4*j + 6. Suppose 3*l - 3 = 0, -3*b - 3*l - 13 = j*l. Let g = 8 + b. List the prime factors of g.
2
Suppose 3*q + 4*d = 6*q - 62, -2*q = 2*d - 60. Suppose -q = 14*m - 3344. List the prime factors of m.
3, 79
Suppose 3*t + 2*c = 3841, -15*c + 19*c + 5088 = 4*t. What are the prime factors of t?
1277
Let c be (-1)/(2/6*(8 - 7)). What are the prime factors of (7/(-6) + 1/(-2))*c?
5
Suppose -5*i = 20, 0 = 5*a - 24*i + 27*i - 4623. What are the prime factors of a?
3, 103
Let m be 1 - (5 - 1)*-6. Suppose 3*j + m = 8*j. Suppose -j*g + 4*y = -54 - 38, 4*y = 8. List the prime factors of g.
2, 5
Let a(q) = -50*q**3 + 9*q**2 + 11*q - 5. List the prime factors of a(-4).
5, 659
Let d be ((-18)/(-15))/(6/(-20)). What are the prime factors of (84/(-10))/(3*d/210)?
3, 7
Let n(p) = -2*p**3 + 12*p**2 + 7*p - 13. Let a(u) = -2*u**3 + 11*u**2 + 6*u - 12. Let x(s) = -5*a(s) + 4*n(s). What are the prime factors of x(5)?
73
Let x(r) = 15*r - 2 - 2*r + 13*r - 8*r. What are the prime factors of x(5)?
2, 11
Let h = 24 - 20. Suppose -5*t + 8*t = -2*f - 15, -h*t = -4*f + 20. Let l(v) = -v**3 - 2*v**2 + 5*v - 6. What are the prime factors of l(t)?
2, 11
Let u be 9 - (1 - -1)/1. Let m(c) = -7*c**3 + 6*c**2 - 3. Let b(h) = 8*h**3 - 6*h**2 + h + 4. Let o(y) = -6*b(y) - 7*m(y). List the prime factors of o(u).
2
Let o = -32 - -34. Let n be 285/(4 + (-6)/o). Suppose 0 = -5*s + 95 + n. List the prime factors of s.
2, 19
Suppose 240 = 11*m - 5*m. Suppose m = 4*k - 8. List the prime factors of k.
2, 3
Let o be 18 + 2 + -3 + -2. Let f be -5*o/(-25) - -2. Suppose f*j - 33 = 47. What are the prime factors of j?
2
Suppose b = -4*b + 10. Let d be ((-3)/b)/((-1)/16). Suppose -4*q = -32 - d. List the prime factors of q.
2, 7
Let k = 197 - -284. List the prime factors of k.
13, 37
Let p = 165 + -144. Suppose 12 = c - 0*c. Suppose -b + p = -c. What are the prime factors of b?
3, 11
Suppose d = 5*k + 30, 0 = -4*d - 5*k + 4*k + 15. List the prime factors of -7 + d + -1 - -82.
79
Let b(f) = 3*f - 2. Let g be b(2). Suppose j + 492 = g*j. What are the prime factors of j?
2, 41
Let h be 1/(2*(-2)/(-20)). Suppose -v - 3*o + 25 = 0, 2*v - h*o - 61 = -v. Let w = v + -16. What are the prime factors of w?
2, 3
What are the prime factors of 3*146*8/12?
2, 73
Let u be 1 + (0 - -2) + (-8 - -7). Suppose -2*i - u*z = -z - 100, -3*i - 5*z + 136 = 0. What are the prime factors of i?
2, 13
Let i(r) = r**3 - r**2 + 8*r - 37. List the prime factors of i(10).
23, 41
Suppose 273 = 12*b - 771. What are the prime factors of b?
3, 29
Let w(d) = -d**2 + 10*d + 10. Let m be w(7). Let c = 39 - m. Let t(z) = -z**3 + 9*z**2 - z - 10. What are the prime factors of t(c)?
2, 23
Suppose 0 = -y + 3*y + 10. Let g be 1 + (y - -3) + 6. Suppose -35 = -2*r + 2*t + 19, -g*r - 2*t + 114 = 0. What are the prime factors of r?
2, 3
Let o = -32 - -31. List the prime factors of o + 1 - (-11 - 8).
19
Let a(u) = -6*u + 565. What are the prime factors of a(-36)?
11, 71
Let g be 3*((-2)/11 - (-2408)/(-66)). What are the prime factors of (-1 - 3/2)*g?
5, 11
Let u(z) = -2*z**3 + 19*z**2 - 12*z - 5. Let j(s) = -s**3 + 9*s**2 - 6*s - 2. Let x(r) = 5*j(r) - 2*u(r). What are the prime factors of x(3)?
2, 3
Let j be 2*(-8 + 3) - 3. Let v = j + 7. Let a = v + 13. List the prime factors of a.
7
Suppose 2*j - 182 = -4*z, j = -2*z + 4*z + 111. Let i = j + -62. Suppose -i = 3*q - 114. What are the prime factors of q?
5
Let l = 77 - 75. Suppose 2*u = 2, -2*x + u + 239 = l*u. List the prime factors of x.
7, 17
Let a = 7 - 3. Suppose -a*r - 3*m = -22, -4*r - 2*m + 3 = -17. Suppose r*o = o + 39. List the prime factors of o.
13
Let z = -2 + 8. Suppose 0 = -z*u + 3*u + 9. Suppose -u*o + 87 = -18. What are the prime factors of o?
5, 7
Suppose 3*r - 6*r = -612. Let l = r - 140. List the prime factors of l.
2
Let z be ((-24)/(-10))/(30/200). Suppose 0 = 4*u - 2*x - z, 5*u + x = -x + 11. Suppose -u*l = -0*l - 198. List the prime factors of l.
2, 3, 11
Let q = -3584 + 5310. What are the prime factors of q?
2, 863
Let q be 46/14 - (-2)/(-7). Suppose q*z = 2*y + 2*z - 3, -4*y - z + 15 = 0. What are the prime factors of y?
3
Suppose -6 - 3 = -3*d. Suppose -3*i + g + 9 - 1 = 0, 2*g - 2 = -d*i. Suppose 4*a = k + 32, -2*a - k - i*k + 2 = 0. What are the prime factors of a?
7
Let f(a) = -13*a**2 + a - 2. Let q be f(-2). What are the prime factors of (-2)/(-7) - 6648/q?
7, 17
Let g(a) = -a**3 - 8*a**2 - 9*a + 147. List the prime factors of g(-15).
3, 619
Let p be (-1 - -12) + 4/2. Let i(g) = -2*g + 1. Let v be i(1). Let b = p - v. List the prime factors of b.
2, 7
Let j(s) = 2*s**3 + 3*s**2 + 4*s + 1. Let k be j(-2). Suppose 3*g + 36 = -g. Let i = g - k. What are the prime factors of i?
2
Let o be 1 + (-2 + 4 - -1). What are the prime factors of -5*(56/(-2))/o?
5, 7
Suppose -25 = 5*x - k, -2*k = 4*x - 5*k + 31. Let f be (-558)/(-8) + (-1)/x. List the prime factors of (-3)/(-6) + f/4.
2, 3
What are the prime factors of 1744 + (-18)/21*133/(-57)?
2, 3, 97
Suppose -5*w + 3*f = -19, 3*w + 2*f = f + 3. Suppose 3*g = -k + w*g + 34, 104 = 4*k - 4*g. List the prime factors of (-12)/((k/(-4))/5).
2
Suppose -4*r = -5*r + 4. Suppose -r*p + 7 + 9 = 0. Suppose 0 = p*d - 0*d - 216. What are the prime factors of d?
2, 3
Let d(b) = b**2 + 30*b - 274. List the prime factors of d(36).
2, 1051
Let y be 45 + 1 + 2/1. Suppose -50*n = -y*n - 450. What are the prime factors of n?
3, 5
Suppose 4*d - c = 10579, 3*d - 7928 = -6*c + 8*c. What are the prime factors of d?
2, 3, 7
Let j = 1502 + -1068. What are the prime factors of j?
2, 7, 31
Let a(o) = o**2 + o + 2. Let c be a(0). Suppose -22 = -2*g + 2*t, -2*g - c*g + 32 = -t. What are the prime factors of g?
7
Suppose 0 = -4*s - z - z + 798, -5*s = -z - 987. Suppose -3*q + 2*c + s = 0, q - c - 36 - 29 = 0. What are the prime factors of q?
2, 17
Let t(z) = -8*z**2 - 158*z + 22. List the prime factors of t(-19).
2, 17
Let b = -9 + 12. Suppose -b*i + 85 = 2*i. Suppose -3*u + 2*u + i = 0. What are the prime factors of u?
17
Let i = 54 - 616. What are the prime factors of 3 + (-3)/(-2 + i/(-284))?
5, 29
Let t(a) = a + 16. Let d be t(-13). Let m = -1 + 1. Suppose -d*y + 42 = -m*y. What are the prime factors of y?
2, 7
Let v(n) = 2*n + 23. Let u = -8 - -12. Suppose -5*i + u*j + 2 = -14, 2*j + 8 = -2*i. What are the prime factors of 